*d - 16, 2*d + 62 = -5*t. Let p be (-429)/t - 3/(-12). Suppose 6*b = 3*b + p. What is the remainder when b is divided by 5?
2
Suppose 4*m - 3*t = 23, -5*m + 37 = -4*t + 3*t. Suppose -4*o = -m - 32. Calculate the remainder when o is divided by 0 - (-9 + -3)/3.
2
Let a(i) = i - 1. Let h be a(1). Let k be 0 + 2 + 1 + h. Suppose -2*v + 7 = -k*m - 6, 5*m = 5*v - 35. What is the remainder when v is divided by 3?
2
Suppose -273 = -x - 218. What is the remainder when 273 is divided by x?
53
Let w(i) = 11*i - 8. Calculate the remainder when 47 is divided by w(3).
22
Suppose -3*s - 12 = 0, 4*v + 4*s + 11 = -205. Let x = 110 + v. Suppose 4*t - 36 = -4*h, x = t + 3*t - 2*h. Calculate the remainder when 38 is divided by t.
12
Let k = 9 - 4. Suppose 0*o - k*o + 273 = -x, -3*x + 153 = 3*o. What is the remainder when o is divided by 14?
12
Suppose -2*y = -5*y + 138. Let b = -32 + 48. What is the remainder when y is divided by b?
14
Let a = -2 + 2. Suppose a*u = u - 11. What is the remainder when u is divided by 7?
4
Suppose 5*m = 3*m - 8. Let w be 58/18 + m/18. Suppose 2*g = t - w*t + 58, t - g - 35 = 0. Calculate the remainder when t is divided by 17.
15
Let u(k) = k**2 - 7*k - 3. Let b(o) = 5*o**2 + o + 2. Suppose -5*l - 3*g - 10 = 5, 4*l + 12 = 3*g. Calculate the remainder when b(l) is divided by u(9).
14
Suppose -4*n - 1 = -g - 2*n, 0 = -5*g - 3*n - 21. Let t = g + 13. What is the remainder when 27 is divided by t?
7
Suppose 39 = 2*o + i - 21, 3*i = o - 44. Suppose -2*g + 84 = o. Let y(q) = q**3 + 7*q**2 + 6*q + 9. What is the remainder when g is divided by y(-6)?
8
Let n = -9 - -9. Suppose 2*p = l + l - 8, n = -l - 5*p + 28. What is the remainder when 31 is divided by l?
7
Suppose 17 + 8 = -5*c. Let x be 4/20 - 59/c. What is the remainder when (-100)/8*x/(-10) is divided by 8?
7
Suppose -20*g - 73 = -453. Calculate the remainder when 54 is divided by g.
16
Suppose 4*u - 20 = 0, 2*q + 5*u + 14 = 45. Let s(b) = -b. Calculate the remainder when q is divided by s(-1).
0
Let i = -8 - -21. Let s = 57 - 95. Calculate the remainder when s*1*(-1)/1 is divided by i.
12
Let v = 13 - -16. What is the remainder when v is divided by 7?
1
Suppose 0*u = -5*u - k - 114, 0 = -3*u - k - 70. What is the remainder when 20 is divided by 119/11 + (-4)/u?
9
Suppose -b + 8 = b. Let f(t) = -t**2 - 7*t - 2. Suppose 18 = m - 7*m. What is the remainder when f(m) is divided by b?
2
Suppose i - 166 = -2*y, 0 = -0*i - 3*i + 6. Suppose 4*r - y - 10 = 0. Calculate the remainder when r is divided by (-1)/((-4)/36*6/8).
11
Let a be ((-24)/15)/(6/(-45)). Suppose -2*l - 5*u + a = 0, -2 = -l - 5*u + 4. Calculate the remainder when 17 is divided by l.
5
Suppose 2*i - 6*i + 132 = 0. Suppose 8*v = 4*v + 204. Suppose 3*c - v = -0*c. Calculate the remainder when i is divided by c.
16
Suppose 5*z - 17 = 3. What is the remainder when 4/16 + 35/z is divided by 5?
4
Let v(t) = t**3 + 5*t**2 - 6*t + 5. Suppose 4*a = 7 + 29. What is the remainder when v(-5) is divided by a?
8
Suppose -20*q + 19*q + 34 = 0. Calculate the remainder when 133 is divided by q.
31
Let c(z) = 23*z - 2. Calculate the remainder when c(3) is divided by 23.
21
Let g = -17 + 7. Let i = g - -15. Suppose 10 + 35 = 5*n + x, x = i*n - 45. Calculate the remainder when n is divided by 5.
4
Suppose 303 - 33 = 6*a. What is the remainder when a is divided by 12?
9
Let z(q) = 2*q**2 - 3*q. Let u be z(2). Suppose u - 1 = -t. What is the remainder when 20/24 + t/(-6) is divided by 1?
0
Let f = 22 - 15. Suppose -2*g + 12 = g. Suppose 0 = -g*m + 29 + 71. Calculate the remainder when m is divided by f.
4
Suppose 242 = 5*n - 23. What is the remainder when n is divided by 27?
26
Suppose -3*x + 17 = 5. Suppose 3*k - x = 20. Calculate the remainder when k is divided by 3.
2
Suppose -6*k - 45 = -k. Let f be 2 - 3/(k/6). Suppose -2*p = f - 12. What is the remainder when 10 is divided by p?
2
Suppose -i = -5*b - 3, -5*i + 5*b + 13 = -2. What is the remainder when (13 - (5 - 9)) + -3 is divided by i?
2
Let i(x) = -3*x + 2. Let r be i(-4). Let c = r + -1. What is the remainder when c is divided by 5?
3
Let l = 8 + -5. Calculate the remainder when 5 is divided by (3 - (-1 + 4)) + l.
2
Let l(i) = i**3 - 3*i**2 + 6*i - 4. Let g = 67 + -48. Calculate the remainder when l(4) is divided by g.
17
Suppose -17*t + 563 = -933. Suppose 2*d - 3*d + 30 = 0. What is the remainder when t is divided by d?
28
Suppose 3*r = 4*t - 1013, 12*r = 4*t + 11*r - 1023. Calculate the remainder when t is divided by 37.
35
Let k = 1093 - 747. Suppose 5*v - 432 = p, -4*v + p + k = -0*v. Suppose -j + 23 = 4*c, 3*c - v = -5*j + 63. What is the remainder when j is divided by 11?
9
Suppose -4*o + 5*h = -0 - 14, h + 2 = 0. What is the remainder when 31 is divided by 8 - (o/(-1) + 1)?
7
Let h(n) = n**3 + 8*n**2 + n - 4. Let o = 61 + -40. What is the remainder when h(-6) is divided by o?
20
Suppose -2*m - 4*s + 2 = 0, 0*m + 23 = 5*m + s. Suppose 97 = 4*h - 5*j, -j = 5*h + 2*j - 75. What is the remainder when h is divided by m?
3
Suppose -4*b + 1 = -7. Let o = 39 - 37. What is the remainder when b is divided by o?
0
Let a = -53 - -73. Calculate the remainder when (-58)/5*-5*1 is divided by a.
18
Suppose -4*u = -p - 159, 6*u - 77 = 4*u + p. Let d = -22 + u. Calculate the remainder when d is divided by 7.
5
Let d = -20 - -42. Let k = -21 + 15. What is the remainder when d is divided by (k - -11)*24/10?
10
Let o(a) = -2*a - 12. Let q be o(-8). Calculate the remainder when (1/3)/(2/12) is divided by q - (-3 + 0 + 6).
0
Let o(r) = -r**3 + 10*r**2 - 10*r + 30. Calculate the remainder when 115 is divided by o(9).
10
Let k(h) be the third derivative of h**4/12 + 2*h**3/3 - 3*h**2. Let z be k(11). Let c = z - 15. What is the remainder when 41 is divided by c?
8
Let n(r) = -2*r**3 - 6*r**2 - 4*r - 6. Let z = 94 - 79. Calculate the remainder when n(-4) is divided by z.
12
Let w = -14 + 8. Let y(u) = -u**2 - 8*u + 4. Calculate the remainder when 47 is divided by y(w).
15
Suppose -46 = -5*i - 6. Calculate the remainder when ((-1)/3)/(1 - (-560)/(-552)) is divided by i.
7
Suppose -2*t + 0*t = -j + 4, 5*t = j - 4. What is the remainder when 14 is divided by j?
2
Suppose 0*s + 3*s - 27 = 0. Suppose 0 = 4*b + s - 57. What is the remainder when 22 is divided by b?
10
Suppose -j + 2*j = 2*b - 12, 0 = 4*j. Suppose 220 = 4*f - 8. Suppose -15 = 2*d - f. What is the remainder when d is divided by b?
3
Suppose 10 = 2*i - 2*n, -i + 2*n = 2*i - 16. Let r be 26 + 0 + i/3. Suppose d = -d + r. Calculate the remainder when 26 is divided by d.
12
Suppose 4 = 3*x - 17. Calculate the remainder when x is divided by (-2 - (-40)/25)*-10.
3
Let u be (-1 + 4/3)*-9. Let t = 5 + u. Calculate the remainder when 3 is divided by t.
1
Suppose 88 = 2*j - 8. Suppose x = -3*i + j, 36 = 2*x - 3*i - 51. Calculate the remainder when x is divided by 23.
22
Let x(j) = -j**2 + 7*j - 3. Let w be x(6). Suppose -w*b + 5*b - 122 = 0. Suppose 0*v = 4*v - 64. What is the remainder when b is divided by v?
13
Suppose i = -0*i + 5*l + 29, -2 = -i - 4*l. Calculate the remainder when i is divided by 8.
6
Let g(t) = t**2 + 10*t - 2. Let o be g(-11). What is the remainder when 42 is divided by -45*((-21)/o - -2)?
12
Let s = -48 - -51. What is the remainder when s is divided by 1?
0
Suppose -3*x = -0*x - 222. Let m(y) = -20*y**3 - 2*y**2 - 2*y - 1. Calculate the remainder when x is divided by m(-1).
17
Suppose -3*m = -2*m - 3. Suppose -4*d = -m*d - 7. Let z(j) = 2*j**2 - j + 4. What is the remainder when z(3) is divided by d?
5
Let z = 1 + -1. Suppose z*f - 213 = -5*l + 3*f, 173 = 4*l - 5*f. Calculate the remainder when l is divided by 11.
9
Suppose 9 = -3*p - 0*p. Let f be (-482)/(-6) + 1/p. Suppose 2*u - f = -12. What is the remainder when u is divided by 12?
10
Suppose 0*g - 1443 = -13*g. What is the remainder when g is divided by 16?
15
Let z(v) = v**2 - 5*v - 4. Let c be z(6). Suppose -24 = -c*u - u. What is the remainder when 14 is divided by u?
6
Let v = -6 - -3. Let z = v + 6. Suppose 0 = 5*y - 4*y + z*n - 15, y - 5*n + 1 = 0. Calculate the remainder when y is divided by 5.
4
Suppose 1 = -d + 11. Let q be 14/d - (-6)/(-15). Let m = 0 + q. Calculate the remainder when 1 is divided by m.
0
Let d = 3 + -9. Let q(m) be the second derivative of m**5/